{"id":1343,"date":"2024-01-04T13:57:59","date_gmt":"2024-01-04T13:57:59","guid":{"rendered":"https:\/\/isdi-ks.com\/?page_id=1343"},"modified":"2026-04-04T16:27:58","modified_gmt":"2026-04-04T16:27:58","slug":"projects","status":"publish","type":"page","link":"https:\/\/isdi-ks.com\/index.php\/projects\/","title":{"rendered":"Projects"},"content":{"rendered":"\t\t<div data-elementor-type=\"wp-page\" data-elementor-id=\"1343\" class=\"elementor elementor-1343\" data-elementor-post-type=\"page\">\n\t\t\t\t\t\t<section class=\"elementor-section elementor-top-section elementor-element elementor-element-3aef172f elementor-section-full_width elementor-section-height-default elementor-section-height-default\" data-id=\"3aef172f\" data-element_type=\"section\" data-settings=\"{&quot;background_slideshow_transition_duration&quot;:1200,&quot;background_background&quot;:&quot;slideshow&quot;,&quot;background_slideshow_gallery&quot;:[{&quot;id&quot;:1287,&quot;url&quot;:&quot;https:\\\/\\\/isdi-ks.com\\\/wp-content\\\/uploads\\\/2024\\\/01\\\/project-management-planning-development-message-box-notification-graphic.png&quot;},{&quot;id&quot;:994,&quot;url&quot;:&quot;https:\\\/\\\/isdi-ks.com\\\/wp-content\\\/uploads\\\/2024\\\/01\\\/top-view-business-people-formal-wear-stacking-hands-table-scaled.jpg&quot;},{&quot;id&quot;:87,&quot;url&quot;:&quot;https:\\\/\\\/isdi-ks.com\\\/wp-content\\\/uploads\\\/2023\\\/07\\\/post-04.jpg&quot;}],&quot;background_slideshow_ken_burns&quot;:&quot;yes&quot;,&quot;background_slideshow_ken_burns_zoom_direction&quot;:&quot;out&quot;,&quot;background_slideshow_loop&quot;:&quot;yes&quot;,&quot;background_slideshow_slide_duration&quot;:5000,&quot;background_slideshow_slide_transition&quot;:&quot;fade&quot;}\">\n\t\t\t\t\t\t\t<div class=\"elementor-background-overlay\"><\/div>\n\t\t\t\t\t\t\t<div class=\"elementor-container elementor-column-gap-default\">\n\t\t\t\t\t<div class=\"elementor-column elementor-col-100 elementor-top-column elementor-element elementor-element-46671a34\" data-id=\"46671a34\" data-element_type=\"column\">\n\t\t\t<div class=\"elementor-widget-wrap elementor-element-populated\">\n\t\t\t\t\t\t<div class=\"elementor-element elementor-element-60ff070 elementor-widget__width-initial elementor-widget elementor-widget-gva-heading-block\" data-id=\"60ff070\" data-element_type=\"widget\" data-widget_type=\"gva-heading-block.default\">\n\t\t\t\t<div class=\"elementor-widget-container\">\n\t\t\t\t\t<div class=\"gva-element-gva-heading-block gva-element\">   <div class=\"align-center style-1 widget gsc-heading box-align-left auto-responsive\">\r\n      <div class=\"content-inner\">\r\n         \r\n                  \r\n           \r\n         \r\n                     <h2 class=\"title\">\r\n               <span>Institute of Sociology, Demographic Research and Innovation<\/span>\r\n            <\/h2>\r\n                  \r\n         \r\n         \r\n      <\/div>\r\n   <\/div>\r\n<\/div>\t\t\t\t<\/div>\n\t\t\t\t<\/div>\n\t\t\t\t<div class=\"elementor-element elementor-element-5777226a elementor-widget elementor-widget-html\" data-id=\"5777226a\" data-element_type=\"widget\" data-widget_type=\"html.default\">\n\t\t\t\t<div class=\"elementor-widget-container\">\n\t\t\t\t\t<div class=\"text-with-arrow\">\n    <span class=\"text\"> PROJECTS\n    <\/span>\n<\/div>\t\t\t\t<\/div>\n\t\t\t\t<\/div>\n\t\t\t\t\t<\/div>\n\t\t<\/div>\n\t\t\t\t\t<\/div>\n\t\t<\/section>\n\t\t\t\t<section class=\"elementor-section elementor-top-section elementor-element elementor-element-17f3a38 elementor-section-boxed elementor-section-height-default elementor-section-height-default\" data-id=\"17f3a38\" data-element_type=\"section\">\n\t\t\t\t\t\t<div class=\"elementor-container elementor-column-gap-default\">\n\t\t\t\t\t<div class=\"elementor-column elementor-col-100 elementor-top-column elementor-element elementor-element-cb37c90\" data-id=\"cb37c90\" data-element_type=\"column\">\n\t\t\t<div class=\"elementor-widget-wrap elementor-element-populated\">\n\t\t\t\t\t\t<div class=\"elementor-element elementor-element-1699ebd elementor-widget elementor-widget-spacer\" data-id=\"1699ebd\" data-element_type=\"widget\" data-widget_type=\"spacer.default\">\n\t\t\t\t<div class=\"elementor-widget-container\">\n\t\t\t\t\t\t\t<div class=\"elementor-spacer\">\n\t\t\t<div class=\"elementor-spacer-inner\"><\/div>\n\t\t<\/div>\n\t\t\t\t\t\t<\/div>\n\t\t\t\t<\/div>\n\t\t\t\t<div class=\"elementor-element elementor-element-4abbe7e elementor-widget elementor-widget-gva-heading-block\" data-id=\"4abbe7e\" data-element_type=\"widget\" data-widget_type=\"gva-heading-block.default\">\n\t\t\t\t<div class=\"elementor-widget-container\">\n\t\t\t\t\t<div class=\"gva-element-gva-heading-block gva-element\">   <div class=\"align-center style-1 widget gsc-heading box-align-left auto-responsive\">\r\n      <div class=\"content-inner\">\r\n         \r\n                  \r\n           \r\n         \r\n                     <h2 class=\"title\">\r\n               <span>Projects \/ Activities<\/span>\r\n            <\/h2>\r\n                  \r\n         \r\n         \r\n      <\/div>\r\n   <\/div>\r\n<\/div>\t\t\t\t<\/div>\n\t\t\t\t<\/div>\n\t\t\t\t<div class=\"elementor-element elementor-element-9eaab33 elementor-widget elementor-widget-gva-portfolio\" data-id=\"9eaab33\" data-element_type=\"widget\" data-widget_type=\"gva-portfolio.default\">\n\t\t\t\t<div class=\"elementor-widget-container\">\n\t\t\t\t\t<div class=\"gva-element-gva-portfolio gva-element\">\r\n<div class=\"gva-portfolio-grid clearfix grid-18vv\" data-filter=\"18vv\">\r\n\t\t\t\t\t<nav class=\"portfolio-filter\">\r\n\t\t\t<ul class=\"nav nav-tabs\">\r\n\t\t\t\t<li><a class=\"btn-filter all active\" href=\"javascript:void(0)\" data-filter=\"*\"><span>All<\/span><span class=\"count\"><\/span><\/a><\/li>\r\n\t\t\t\t\t\t\t<\/ul> \r\n\t\t<\/nav> \r\n\t\t<div class=\"gva-content-items\"> \r\n\t\t<div class=\"isotope-items view-portfolio lg-block-grid-2 md-block-grid-2 sm-block-grid-2 xs-block-grid-1 xx-block-grid-1\">\r\n\t\t  \t<div class=\"all  item-columns isotope-item\">\r\n   <div class=\"portfolio-one__single\">      \r\n      <div class=\"portfolio-one__image\">\r\n         <a class=\"portfolio-one__link\" href=\"https:\/\/isdi-ks.com\/index.php\/case\/ka-dalur-nga-shtypi-libri-universitar-edukimi-per-qytetarine\/\" aria-label=\"portfolio\">\r\n            <img fetchpriority=\"high\" decoding=\"async\" width=\"580\" height=\"690\" src=\"https:\/\/isdi-ks.com\/wp-content\/uploads\/2026\/04\/Libri-Edukimi-per-qytetarine-Gollopeni-Kamberi-580x690.jpg\" class=\"attachment-pisole_medium size-pisole_medium wp-post-image\" alt=\"\" \/>         <\/a>\r\n      <\/div>\r\n      <div class=\"portfolio-one__content\">\r\n         <span class=\"portfolio-one__number\">01<\/span>\r\n         <div class=\"portfolio-one__content-inner\">\r\n            <div class=\"portfolio-one__category\"><\/div>\r\n            <h3 class=\"portfolio-one__title\">\r\n               <a href=\"https:\/\/isdi-ks.com\/index.php\/case\/ka-dalur-nga-shtypi-libri-universitar-edukimi-per-qytetarine\/\">Ka dalur nga shtypi libri universitar \u201cEdukimi p\u00ebr qytetarin\u00eb\u201d<\/a>\r\n            <\/h3>\r\n         <\/div>    \r\n      <\/div>  \r\n   <\/div>\r\n   \r\n<\/div>\r\n<div class=\"all  item-columns isotope-item\">\r\n   <div class=\"portfolio-one__single\">      \r\n      <div class=\"portfolio-one__image\">\r\n         <a class=\"portfolio-one__link\" href=\"https:\/\/isdi-ks.com\/index.php\/case\/strengthening-social-services-provision-for-the-most-vulnerable-groups-in-kosovo-in-response-to-covid-19\/\" aria-label=\"portfolio\">\r\n            <img decoding=\"async\" width=\"580\" height=\"690\" src=\"https:\/\/isdi-ks.com\/wp-content\/uploads\/2025\/02\/Research-Report-2023-Institute-ISDI_page-0001-580x690.jpg\" class=\"attachment-pisole_medium size-pisole_medium wp-post-image\" alt=\"\" \/>         <\/a>\r\n      <\/div>\r\n      <div class=\"portfolio-one__content\">\r\n         <span class=\"portfolio-one__number\">02<\/span>\r\n         <div class=\"portfolio-one__content-inner\">\r\n            <div class=\"portfolio-one__category\"><\/div>\r\n            <h3 class=\"portfolio-one__title\">\r\n               <a href=\"https:\/\/isdi-ks.com\/index.php\/case\/strengthening-social-services-provision-for-the-most-vulnerable-groups-in-kosovo-in-response-to-covid-19\/\">Strengthening social services provision for the most vulnerable groups in Kosovo, in response to COVID-19<\/a>\r\n            <\/h3>\r\n         <\/div>    \r\n      <\/div>  \r\n   <\/div>\r\n   \r\n<\/div>\r\n<div class=\"all  item-columns isotope-item\">\r\n   <div class=\"portfolio-one__single\">      \r\n      <div class=\"portfolio-one__image\">\r\n         <a class=\"portfolio-one__link\" href=\"https:\/\/isdi-ks.com\/index.php\/case\/roma-integration-iii\/\" aria-label=\"portfolio\">\r\n            <img decoding=\"async\" width=\"580\" height=\"690\" src=\"https:\/\/isdi-ks.com\/wp-content\/uploads\/2025\/02\/Project-with-Councile-of-Europe_ISDI-Institute-2024_page-0001-580x690.jpg\" class=\"attachment-pisole_medium size-pisole_medium wp-post-image\" alt=\"\" \/>         <\/a>\r\n      <\/div>\r\n      <div class=\"portfolio-one__content\">\r\n         <span class=\"portfolio-one__number\">03<\/span>\r\n         <div class=\"portfolio-one__content-inner\">\r\n            <div class=\"portfolio-one__category\"><\/div>\r\n            <h3 class=\"portfolio-one__title\">\r\n               <a href=\"https:\/\/isdi-ks.com\/index.php\/case\/roma-integration-iii\/\">ROMA INTEGRATION III<\/a>\r\n            <\/h3>\r\n         <\/div>    \r\n      <\/div>  \r\n   <\/div>\r\n   \r\n<\/div>\r\n<div class=\"all  item-columns isotope-item\">\r\n   <div class=\"portfolio-one__single\">      \r\n      <div class=\"portfolio-one__image\">\r\n         <a class=\"portfolio-one__link\" href=\"https:\/\/isdi-ks.com\/index.php\/case\/permbledhje-e-terminologjise-se-punes-sociale-tekst-universitar\/\" aria-label=\"portfolio\">\r\n            <img loading=\"lazy\" decoding=\"async\" width=\"580\" height=\"690\" src=\"https:\/\/isdi-ks.com\/wp-content\/uploads\/2025\/01\/Kopertinat-e-Librit-te-mbeshtetur-nga-Institut-ISDI-1-580x690.jpg\" class=\"attachment-pisole_medium size-pisole_medium wp-post-image\" alt=\"\" \/>         <\/a>\r\n      <\/div>\r\n      <div class=\"portfolio-one__content\">\r\n         <span class=\"portfolio-one__number\">04<\/span>\r\n         <div class=\"portfolio-one__content-inner\">\r\n            <div class=\"portfolio-one__category\"><\/div>\r\n            <h3 class=\"portfolio-one__title\">\r\n               <a href=\"https:\/\/isdi-ks.com\/index.php\/case\/permbledhje-e-terminologjise-se-punes-sociale-tekst-universitar\/\">\u2018P\u00ebrmbledhje e terminologjis\u00eb s\u00eb pun\u00ebs sociale \u2013 tekst universitar\u2019<\/a>\r\n            <\/h3>\r\n         <\/div>    \r\n      <\/div>  \r\n   <\/div>\r\n   \r\n<\/div>\r\n<div class=\"all  item-columns isotope-item\">\r\n   <div class=\"portfolio-one__single\">      \r\n      <div class=\"portfolio-one__image\">\r\n         <a class=\"portfolio-one__link\" href=\"https:\/\/isdi-ks.com\/index.php\/case\/next-international-conferences-19th-annual-aab-college-pristine-kosova\/\" aria-label=\"portfolio\">\r\n            <img loading=\"lazy\" decoding=\"async\" width=\"580\" height=\"690\" src=\"https:\/\/isdi-ks.com\/wp-content\/uploads\/2024\/01\/4-2-580x690.jpg\" class=\"attachment-pisole_medium size-pisole_medium wp-post-image\" alt=\"\" \/>         <\/a>\r\n      <\/div>\r\n      <div class=\"portfolio-one__content\">\r\n         <span class=\"portfolio-one__number\">05<\/span>\r\n         <div class=\"portfolio-one__content-inner\">\r\n            <div class=\"portfolio-one__category\"><\/div>\r\n            <h3 class=\"portfolio-one__title\">\r\n               <a href=\"https:\/\/isdi-ks.com\/index.php\/case\/next-international-conferences-19th-annual-aab-college-pristine-kosova\/\">Next International Conferences (19th Annual): AAB College Pristine, Kosova<\/a>\r\n            <\/h3>\r\n         <\/div>    \r\n      <\/div>  \r\n   <\/div>\r\n   \r\n<\/div>\r\n<div class=\"all  item-columns isotope-item\">\r\n   <div class=\"portfolio-one__single\">      \r\n      <div class=\"portfolio-one__image\">\r\n         <a class=\"portfolio-one__link\" href=\"https:\/\/isdi-ks.com\/index.php\/case\/international-interdisciplinary-conference-2\/\" aria-label=\"portfolio\">\r\n            <img loading=\"lazy\" decoding=\"async\" width=\"580\" height=\"690\" src=\"https:\/\/isdi-ks.com\/wp-content\/uploads\/2024\/01\/image_6483441-28-1-580x690.jpg\" class=\"attachment-pisole_medium size-pisole_medium wp-post-image\" alt=\"\" \/>         <\/a>\r\n      <\/div>\r\n      <div class=\"portfolio-one__content\">\r\n         <span class=\"portfolio-one__number\">06<\/span>\r\n         <div class=\"portfolio-one__content-inner\">\r\n            <div class=\"portfolio-one__category\"><\/div>\r\n            <h3 class=\"portfolio-one__title\">\r\n               <a href=\"https:\/\/isdi-ks.com\/index.php\/case\/international-interdisciplinary-conference-2\/\">International Interdisciplinary Conference<\/a>\r\n            <\/h3>\r\n         <\/div>    \r\n      <\/div>  \r\n   <\/div>\r\n   \r\n<\/div>\r\n<div class=\"all  item-columns isotope-item\">\r\n   <div class=\"portfolio-one__single\">      \r\n      <div class=\"portfolio-one__image\">\r\n         <a class=\"portfolio-one__link\" href=\"https:\/\/isdi-ks.com\/index.php\/case\/proceedings-3\/\" aria-label=\"portfolio\">\r\n            <img loading=\"lazy\" decoding=\"async\" width=\"580\" height=\"690\" src=\"https:\/\/isdi-ks.com\/wp-content\/uploads\/2024\/01\/image_6483441-20-580x690.jpg\" class=\"attachment-pisole_medium size-pisole_medium wp-post-image\" alt=\"\" \/>         <\/a>\r\n      <\/div>\r\n      <div class=\"portfolio-one__content\">\r\n         <span class=\"portfolio-one__number\">07<\/span>\r\n         <div class=\"portfolio-one__content-inner\">\r\n            <div class=\"portfolio-one__category\"><\/div>\r\n            <h3 class=\"portfolio-one__title\">\r\n               <a href=\"https:\/\/isdi-ks.com\/index.php\/case\/proceedings-3\/\">Proceedings<\/a>\r\n            <\/h3>\r\n         <\/div>    \r\n      <\/div>  \r\n   <\/div>\r\n   \r\n<\/div>\r\n<div class=\"all  item-columns isotope-item\">\r\n   <div class=\"portfolio-one__single\">      \r\n      <div class=\"portfolio-one__image\">\r\n         <a class=\"portfolio-one__link\" href=\"https:\/\/isdi-ks.com\/index.php\/case\/proceedings-2\/\" aria-label=\"portfolio\">\r\n            <img loading=\"lazy\" decoding=\"async\" width=\"580\" height=\"690\" src=\"https:\/\/isdi-ks.com\/wp-content\/uploads\/2024\/01\/image_6487327-5-580x690.jpg\" class=\"attachment-pisole_medium size-pisole_medium wp-post-image\" alt=\"\" \/>         <\/a>\r\n      <\/div>\r\n      <div class=\"portfolio-one__content\">\r\n         <span class=\"portfolio-one__number\">08<\/span>\r\n         <div class=\"portfolio-one__content-inner\">\r\n            <div class=\"portfolio-one__category\"><\/div>\r\n            <h3 class=\"portfolio-one__title\">\r\n               <a href=\"https:\/\/isdi-ks.com\/index.php\/case\/proceedings-2\/\">Proceedings<\/a>\r\n            <\/h3>\r\n         <\/div>    \r\n      <\/div>  \r\n   <\/div>\r\n   \r\n<\/div>\r\n\t\t\t<\/div>\r\n\t<\/div>\r\n\t  <\/div>\r\n\r\n  <\/div>\t\t\t\t<\/div>\n\t\t\t\t<\/div>\n\t\t\t\t\t<\/div>\n\t\t<\/div>\n\t\t\t\t\t<\/div>\n\t\t<\/section>\n\t\t\t\t<section class=\"elementor-section elementor-top-section elementor-element elementor-element-4eb1961 elementor-section-boxed elementor-section-height-default elementor-section-height-default\" data-id=\"4eb1961\" data-element_type=\"section\">\n\t\t\t\t\t\t<div class=\"elementor-container elementor-column-gap-default\">\n\t\t\t\t\t<div class=\"elementor-column elementor-col-33 elementor-top-column elementor-element elementor-element-661b136\" data-id=\"661b136\" data-element_type=\"column\" data-settings=\"{&quot;background_background&quot;:&quot;classic&quot;}\">\n\t\t\t<div class=\"elementor-widget-wrap elementor-element-populated\">\n\t\t\t\t\t\t<div class=\"elementor-element elementor-element-3f1dbe2 elementor-view-stacked elementor-widget__width-auto elementor-shape-circle elementor-widget elementor-widget-icon\" data-id=\"3f1dbe2\" data-element_type=\"widget\" data-widget_type=\"icon.default\">\n\t\t\t\t<div class=\"elementor-widget-container\">\n\t\t\t\t\t\t\t<div class=\"elementor-icon-wrapper\">\n\t\t\t<div class=\"elementor-icon\">\n\t\t\t<i aria-hidden=\"true\" class=\" picon-meeting\"><\/i>\t\t\t<\/div>\n\t\t<\/div>\n\t\t\t\t\t\t<\/div>\n\t\t\t\t<\/div>\n\t\t\t\t\t<\/div>\n\t\t<\/div>\n\t\t\t\t<div class=\"elementor-column elementor-col-66 elementor-top-column elementor-element elementor-element-65577e7\" data-id=\"65577e7\" data-element_type=\"column\" data-settings=\"{&quot;background_background&quot;:&quot;classic&quot;}\">\n\t\t\t<div class=\"elementor-widget-wrap elementor-element-populated\">\n\t\t\t\t\t\t<section class=\"elementor-section elementor-inner-section elementor-element elementor-element-203bc8f elementor-section-boxed elementor-section-height-default elementor-section-height-default\" data-id=\"203bc8f\" data-element_type=\"section\">\n\t\t\t\t\t\t<div class=\"elementor-container elementor-column-gap-default\">\n\t\t\t\t\t<div class=\"elementor-column elementor-col-50 elementor-inner-column elementor-element elementor-element-848abb8\" data-id=\"848abb8\" data-element_type=\"column\">\n\t\t\t<div class=\"elementor-widget-wrap elementor-element-populated\">\n\t\t\t\t\t\t<div class=\"elementor-element elementor-element-5f26bff elementor-widget elementor-widget-heading\" data-id=\"5f26bff\" data-element_type=\"widget\" data-widget_type=\"heading.default\">\n\t\t\t\t<div class=\"elementor-widget-container\">\n\t\t\t\t\t<h2 class=\"elementor-heading-title elementor-size-default\">LET'S DISCUSS YOUR PROJECT WITH THE ISDI TEAM<\/h2>\t\t\t\t<\/div>\n\t\t\t\t<\/div>\n\t\t\t\t\t<\/div>\n\t\t<\/div>\n\t\t\t\t<div class=\"elementor-column elementor-col-50 elementor-inner-column elementor-element elementor-element-f9ae624\" data-id=\"f9ae624\" data-element_type=\"column\">\n\t\t\t<div class=\"elementor-widget-wrap elementor-element-populated\">\n\t\t\t\t\t\t<div class=\"elementor-element elementor-element-42e565c elementor-widget elementor-widget-text-editor\" data-id=\"42e565c\" data-element_type=\"widget\" data-widget_type=\"text-editor.default\">\n\t\t\t\t<div class=\"elementor-widget-container\">\n\t\t\t\t\t\t\t\t\t<p><a class=\"btn-theme\" href=\"https:\/\/isdi-ks.com\/index.php\/en\/contact\/\">Discover more<\/a><\/p>\t\t\t\t\t\t\t\t<\/div>\n\t\t\t\t<\/div>\n\t\t\t\t\t<\/div>\n\t\t<\/div>\n\t\t\t\t\t<\/div>\n\t\t<\/section>\n\t\t\t\t\t<\/div>\n\t\t<\/div>\n\t\t\t\t\t<\/div>\n\t\t<\/section>\n\t\t\t\t<\/div>\n\t\t","protected":false},"excerpt":{"rendered":"<p>Institute of Sociology, Demographic Research and Innovation PROJECTS Projects \/ Activities All 01 Next International Conferences (19th Annual): AAB College Pristine, Kosova 02 International Interdisciplinary Conference 03 Proceedings 04 Proceedings [&hellip;]<\/p>\n","protected":false},"author":1,"featured_media":0,"parent":0,"menu_order":0,"comment_status":"closed","ping_status":"closed","template":"","meta":{"footnotes":""},"class_list":["post-1343","page","type-page","status-publish","hentry"],"yoast_head":"<!-- This site is optimized with the Yoast SEO plugin v24.3 - https:\/\/yoast.com\/wordpress\/plugins\/seo\/ -->\n<title>Projects - Isdi<\/title>\n<meta name=\"robots\" content=\"index, follow, max-snippet:-1, max-image-preview:large, max-video-preview:-1\" \/>\n<link rel=\"canonical\" href=\"https:\/\/isdi-ks.com\/index.php\/projects\/\" \/>\n<meta property=\"og:locale\" content=\"en_US\" \/>\n<meta property=\"og:type\" content=\"article\" \/>\n<meta property=\"og:title\" content=\"Projects - Isdi\" \/>\n<meta property=\"og:description\" content=\"Institute of Sociology, Demographic Research and Innovation PROJECTS Projects \/ Activities All 01 Next International Conferences (19th Annual): AAB College Pristine, Kosova 02 International Interdisciplinary Conference 03 Proceedings 04 Proceedings [&hellip;]\" \/>\n<meta property=\"og:url\" content=\"https:\/\/isdi-ks.com\/index.php\/projects\/\" \/>\n<meta property=\"og:site_name\" content=\"Isdi\" \/>\n<meta property=\"article:modified_time\" content=\"2026-04-04T16:27:58+00:00\" \/>\n<meta property=\"og:image\" content=\"https:\/\/isdi-ks.com\/wp-content\/uploads\/2024\/01\/4-2-580x690.jpg\" \/>\n<meta name=\"twitter:card\" content=\"summary_large_image\" \/>\n<meta name=\"twitter:label1\" content=\"Est. reading time\" \/>\n\t<meta name=\"twitter:data1\" content=\"2 minutes\" \/>\n<script type=\"application\/ld+json\" class=\"yoast-schema-graph\">{\"@context\":\"https:\/\/schema.org\",\"@graph\":[{\"@type\":\"WebPage\",\"@id\":\"https:\/\/isdi-ks.com\/index.php\/projects\/\",\"url\":\"https:\/\/isdi-ks.com\/index.php\/projects\/\",\"name\":\"Projects - Isdi\",\"isPartOf\":{\"@id\":\"https:\/\/isdi-ks.com\/#website\"},\"primaryImageOfPage\":{\"@id\":\"https:\/\/isdi-ks.com\/index.php\/projects\/#primaryimage\"},\"image\":{\"@id\":\"https:\/\/isdi-ks.com\/index.php\/projects\/#primaryimage\"},\"thumbnailUrl\":\"https:\/\/isdi-ks.com\/wp-content\/uploads\/2024\/01\/4-2-580x690.jpg\",\"datePublished\":\"2024-01-04T13:57:59+00:00\",\"dateModified\":\"2026-04-04T16:27:58+00:00\",\"breadcrumb\":{\"@id\":\"https:\/\/isdi-ks.com\/index.php\/projects\/#breadcrumb\"},\"inLanguage\":\"en-US\",\"potentialAction\":[{\"@type\":\"ReadAction\",\"target\":[\"https:\/\/isdi-ks.com\/index.php\/projects\/\"]}]},{\"@type\":\"ImageObject\",\"inLanguage\":\"en-US\",\"@id\":\"https:\/\/isdi-ks.com\/index.php\/projects\/#primaryimage\",\"url\":\"https:\/\/isdi-ks.com\/wp-content\/uploads\/2024\/01\/4-2.jpg\",\"contentUrl\":\"https:\/\/isdi-ks.com\/wp-content\/uploads\/2024\/01\/4-2.jpg\",\"width\":960,\"height\":880},{\"@type\":\"BreadcrumbList\",\"@id\":\"https:\/\/isdi-ks.com\/index.php\/projects\/#breadcrumb\",\"itemListElement\":[{\"@type\":\"ListItem\",\"position\":1,\"name\":\"Home\",\"item\":\"https:\/\/isdi-ks.com\/index.php\/sq\/home-4\/\"},{\"@type\":\"ListItem\",\"position\":2,\"name\":\"Projects\"}]},{\"@type\":\"WebSite\",\"@id\":\"https:\/\/isdi-ks.com\/#website\",\"url\":\"https:\/\/isdi-ks.com\/\",\"name\":\"Instituti ISDI\",\"description\":\"Instituti ISDI\",\"publisher\":{\"@id\":\"https:\/\/isdi-ks.com\/#organization\"},\"potentialAction\":[{\"@type\":\"SearchAction\",\"target\":{\"@type\":\"EntryPoint\",\"urlTemplate\":\"https:\/\/isdi-ks.com\/?s={search_term_string}\"},\"query-input\":{\"@type\":\"PropertyValueSpecification\",\"valueRequired\":true,\"valueName\":\"search_term_string\"}}],\"inLanguage\":\"en-US\"},{\"@type\":\"Organization\",\"@id\":\"https:\/\/isdi-ks.com\/#organization\",\"name\":\"Instituti ISDI\",\"url\":\"https:\/\/isdi-ks.com\/\",\"logo\":{\"@type\":\"ImageObject\",\"inLanguage\":\"en-US\",\"@id\":\"https:\/\/isdi-ks.com\/#\/schema\/logo\/image\/\",\"url\":\"https:\/\/isdi-ks.com\/wp-content\/uploads\/2024\/01\/image_6487327-2.png\",\"contentUrl\":\"https:\/\/isdi-ks.com\/wp-content\/uploads\/2024\/01\/image_6487327-2.png\",\"width\":733,\"height\":470,\"caption\":\"Instituti ISDI\"},\"image\":{\"@id\":\"https:\/\/isdi-ks.com\/#\/schema\/logo\/image\/\"}}]}<\/script>\n<!-- \/ Yoast SEO plugin. -->","yoast_head_json":{"title":"Projects - Isdi","robots":{"index":"index","follow":"follow","max-snippet":"max-snippet:-1","max-image-preview":"max-image-preview:large","max-video-preview":"max-video-preview:-1"},"canonical":"https:\/\/isdi-ks.com\/index.php\/projects\/","og_locale":"en_US","og_type":"article","og_title":"Projects - Isdi","og_description":"Institute of Sociology, Demographic Research and Innovation PROJECTS Projects \/ Activities All 01 Next International Conferences (19th Annual): AAB College Pristine, Kosova 02 International Interdisciplinary Conference 03 Proceedings 04 Proceedings [&hellip;]","og_url":"https:\/\/isdi-ks.com\/index.php\/projects\/","og_site_name":"Isdi","article_modified_time":"2026-04-04T16:27:58+00:00","og_image":[{"url":"https:\/\/isdi-ks.com\/wp-content\/uploads\/2024\/01\/4-2-580x690.jpg","type":"","width":"","height":""}],"twitter_card":"summary_large_image","twitter_misc":{"Est. reading time":"2 minutes"},"schema":{"@context":"https:\/\/schema.org","@graph":[{"@type":"WebPage","@id":"https:\/\/isdi-ks.com\/index.php\/projects\/","url":"https:\/\/isdi-ks.com\/index.php\/projects\/","name":"Projects - Isdi","isPartOf":{"@id":"https:\/\/isdi-ks.com\/#website"},"primaryImageOfPage":{"@id":"https:\/\/isdi-ks.com\/index.php\/projects\/#primaryimage"},"image":{"@id":"https:\/\/isdi-ks.com\/index.php\/projects\/#primaryimage"},"thumbnailUrl":"https:\/\/isdi-ks.com\/wp-content\/uploads\/2024\/01\/4-2-580x690.jpg","datePublished":"2024-01-04T13:57:59+00:00","dateModified":"2026-04-04T16:27:58+00:00","breadcrumb":{"@id":"https:\/\/isdi-ks.com\/index.php\/projects\/#breadcrumb"},"inLanguage":"en-US","potentialAction":[{"@type":"ReadAction","target":["https:\/\/isdi-ks.com\/index.php\/projects\/"]}]},{"@type":"ImageObject","inLanguage":"en-US","@id":"https:\/\/isdi-ks.com\/index.php\/projects\/#primaryimage","url":"https:\/\/isdi-ks.com\/wp-content\/uploads\/2024\/01\/4-2.jpg","contentUrl":"https:\/\/isdi-ks.com\/wp-content\/uploads\/2024\/01\/4-2.jpg","width":960,"height":880},{"@type":"BreadcrumbList","@id":"https:\/\/isdi-ks.com\/index.php\/projects\/#breadcrumb","itemListElement":[{"@type":"ListItem","position":1,"name":"Home","item":"https:\/\/isdi-ks.com\/index.php\/sq\/home-4\/"},{"@type":"ListItem","position":2,"name":"Projects"}]},{"@type":"WebSite","@id":"https:\/\/isdi-ks.com\/#website","url":"https:\/\/isdi-ks.com\/","name":"Instituti ISDI","description":"Instituti ISDI","publisher":{"@id":"https:\/\/isdi-ks.com\/#organization"},"potentialAction":[{"@type":"SearchAction","target":{"@type":"EntryPoint","urlTemplate":"https:\/\/isdi-ks.com\/?s={search_term_string}"},"query-input":{"@type":"PropertyValueSpecification","valueRequired":true,"valueName":"search_term_string"}}],"inLanguage":"en-US"},{"@type":"Organization","@id":"https:\/\/isdi-ks.com\/#organization","name":"Instituti ISDI","url":"https:\/\/isdi-ks.com\/","logo":{"@type":"ImageObject","inLanguage":"en-US","@id":"https:\/\/isdi-ks.com\/#\/schema\/logo\/image\/","url":"https:\/\/isdi-ks.com\/wp-content\/uploads\/2024\/01\/image_6487327-2.png","contentUrl":"https:\/\/isdi-ks.com\/wp-content\/uploads\/2024\/01\/image_6487327-2.png","width":733,"height":470,"caption":"Instituti ISDI"},"image":{"@id":"https:\/\/isdi-ks.com\/#\/schema\/logo\/image\/"}}]}},"_links":{"self":[{"href":"https:\/\/isdi-ks.com\/index.php\/wp-json\/wp\/v2\/pages\/1343","targetHints":{"allow":["GET"]}}],"collection":[{"href":"https:\/\/isdi-ks.com\/index.php\/wp-json\/wp\/v2\/pages"}],"about":[{"href":"https:\/\/isdi-ks.com\/index.php\/wp-json\/wp\/v2\/types\/page"}],"author":[{"embeddable":true,"href":"https:\/\/isdi-ks.com\/index.php\/wp-json\/wp\/v2\/users\/1"}],"replies":[{"embeddable":true,"href":"https:\/\/isdi-ks.com\/index.php\/wp-json\/wp\/v2\/comments?post=1343"}],"version-history":[{"count":6,"href":"https:\/\/isdi-ks.com\/index.php\/wp-json\/wp\/v2\/pages\/1343\/revisions"}],"predecessor-version":[{"id":1971,"href":"https:\/\/isdi-ks.com\/index.php\/wp-json\/wp\/v2\/pages\/1343\/revisions\/1971"}],"wp:attachment":[{"href":"https:\/\/isdi-ks.com\/index.php\/wp-json\/wp\/v2\/media?parent=1343"}],"curies":[{"name":"wp","href":"https:\/\/api.w.org\/{rel}","templated":true}]}}