{"id":1155,"date":"2024-01-04T11:30:30","date_gmt":"2024-01-04T11:30:30","guid":{"rendered":"https:\/\/isdi-ks.com\/?page_id=1155"},"modified":"2024-01-09T09:20:05","modified_gmt":"2024-01-09T09:20:05","slug":"konferenca-dhe-publikime","status":"publish","type":"page","link":"https:\/\/isdi-ks.com\/index.php\/sq\/konferenca-dhe-publikime\/","title":{"rendered":"Konferenca dhe publikime"},"content":{"rendered":"\t\t<div data-elementor-type=\"wp-page\" data-elementor-id=\"1155\" class=\"elementor elementor-1155\" data-elementor-post-type=\"page\">\n\t\t\t\t\t\t<section class=\"elementor-section elementor-top-section elementor-element elementor-element-5de560f4 elementor-section-full_width elementor-section-height-default elementor-section-height-default\" data-id=\"5de560f4\" data-element_type=\"section\" data-settings=\"{&quot;background_slideshow_transition_duration&quot;:1200,&quot;background_background&quot;:&quot;slideshow&quot;,&quot;background_slideshow_gallery&quot;:[{&quot;id&quot;:1816,&quot;url&quot;:&quot;https:\\\/\\\/isdi-ks.com\\\/wp-content\\\/uploads\\\/2024\\\/01\\\/business-executives-participating-business-meeting-scaled.jpg&quot;},{&quot;id&quot;:1158,&quot;url&quot;:&quot;https:\\\/\\\/isdi-ks.com\\\/wp-content\\\/uploads\\\/2024\\\/01\\\/recording-seminar-meeting-video-cameraman-taking-stage-present-screen-conference-hall-event-seminar-production-concept-scaled.jpg&quot;}],&quot;background_slideshow_ken_burns&quot;:&quot;yes&quot;,&quot;background_slideshow_ken_burns_zoom_direction&quot;:&quot;out&quot;,&quot;background_slideshow_slide_duration&quot;:5000,&quot;background_slideshow_slide_transition&quot;:&quot;fade&quot;}\">\n\t\t\t\t\t\t\t<div class=\"elementor-background-overlay\"><\/div>\n\t\t\t\t\t\t\t<div class=\"elementor-container elementor-column-gap-default\">\n\t\t\t\t\t<div class=\"elementor-column elementor-col-100 elementor-top-column elementor-element elementor-element-32acb689\" data-id=\"32acb689\" data-element_type=\"column\">\n\t\t\t<div class=\"elementor-widget-wrap elementor-element-populated\">\n\t\t\t\t\t\t<div class=\"elementor-element elementor-element-493d5ff1 elementor-widget__width-initial elementor-widget elementor-widget-gva-heading-block\" data-id=\"493d5ff1\" data-element_type=\"widget\" data-widget_type=\"gva-heading-block.default\">\n\t\t\t\t<div class=\"elementor-widget-container\">\n\t\t\t\t\t<div class=\"gva-element-gva-heading-block gva-element\">   <div class=\"align-center style-1 widget gsc-heading box-align-left auto-responsive\">\r\n      <div class=\"content-inner\">\r\n         \r\n                  \r\n           \r\n         \r\n                     <h2 class=\"title\">\r\n               <span>Instituti i Sociologjis\u00eb, K\u00ebrkimeve  Demografike dhe Inovacionit <\/span>\r\n            <\/h2>\r\n                  \r\n         \r\n         \r\n      <\/div>\r\n   <\/div>\r\n<\/div>\t\t\t\t<\/div>\n\t\t\t\t<\/div>\n\t\t\t\t<div class=\"elementor-element elementor-element-4d164a77 elementor-widget elementor-widget-html\" data-id=\"4d164a77\" data-element_type=\"widget\" data-widget_type=\"html.default\">\n\t\t\t\t<div class=\"elementor-widget-container\">\n\t\t\t\t\t<div class=\"text-with-arrow\">\n    <span class=\"text\"> \tKonferenca dhe publikime\n    <\/span>\n<\/div>\t\t\t\t<\/div>\n\t\t\t\t<\/div>\n\t\t\t\t\t<\/div>\n\t\t<\/div>\n\t\t\t\t\t<\/div>\n\t\t<\/section>\n\t\t<div class=\"elementor-element elementor-element-81f244b e-flex e-con-boxed e-con e-parent\" data-id=\"81f244b\" data-element_type=\"container\">\n\t\t\t\t\t<div class=\"e-con-inner\">\n\t\t<div class=\"elementor-element elementor-element-20545bc e-con-full e-flex e-con e-child\" data-id=\"20545bc\" data-element_type=\"container\">\n\t\t\t\t<div class=\"elementor-element elementor-element-ff0ee76 elementor-widget elementor-widget-image\" data-id=\"ff0ee76\" data-element_type=\"widget\" data-widget_type=\"image.default\">\n\t\t\t\t<div class=\"elementor-widget-container\">\n\t\t\t\t\t\t\t\t\t\t\t\t\t\t\t<img fetchpriority=\"high\" decoding=\"async\" width=\"2560\" height=\"1707\" src=\"https:\/\/isdi-ks.com\/wp-content\/uploads\/2024\/01\/business-executives-participating-business-meeting-scaled.jpg\" class=\"attachment-full size-full wp-image-1816\" alt=\"\" srcset=\"https:\/\/isdi-ks.com\/wp-content\/uploads\/2024\/01\/business-executives-participating-business-meeting-scaled.jpg 2560w, https:\/\/isdi-ks.com\/wp-content\/uploads\/2024\/01\/business-executives-participating-business-meeting-1024x683.jpg 1024w, https:\/\/isdi-ks.com\/wp-content\/uploads\/2024\/01\/business-executives-participating-business-meeting-768x512.jpg 768w, https:\/\/isdi-ks.com\/wp-content\/uploads\/2024\/01\/business-executives-participating-business-meeting-600x400.jpg 600w\" sizes=\"(max-width: 2560px) 100vw, 2560px\" \/>\t\t\t\t\t\t\t\t\t\t\t\t\t\t\t<\/div>\n\t\t\t\t<\/div>\n\t\t\t\t<\/div>\n\t\t<div class=\"elementor-element elementor-element-0c11cd5 e-con-full e-flex e-con e-child\" data-id=\"0c11cd5\" data-element_type=\"container\">\n\t\t\t\t<div class=\"elementor-element elementor-element-a314a31 elementor-widget elementor-widget-heading\" data-id=\"a314a31\" data-element_type=\"widget\" data-widget_type=\"heading.default\">\n\t\t\t\t<div class=\"elementor-widget-container\">\n\t\t\t\t\t<h2 class=\"elementor-heading-title elementor-size-default\">konferenca shkencore<\/h2>\t\t\t\t<\/div>\n\t\t\t\t<\/div>\n\t\t\t\t<div class=\"elementor-element elementor-element-97b6201 elementor-widget elementor-widget-text-editor\" data-id=\"97b6201\" data-element_type=\"widget\" data-widget_type=\"text-editor.default\">\n\t\t\t\t<div class=\"elementor-widget-container\">\n\t\t\t\t\t\t\t\t\t<p>Instituti ISDI ka nd\u00ebrtuar nj\u00eb partneritet t\u00eb q\u00ebndruesh\u00ebm me institucione lokale, rajonale dhe nd\u00ebrkomb\u00ebtare t\u00eb fush\u00ebs s\u00eb nj\u00ebjt\u00eb apo te p\u00ebraf\u00ebrt dhe ka bashk\u00eb-organizuar konferenca shkencore nd\u00ebrkomb\u00ebtare p\u00ebr disa vjet. Gjat\u00eb k\u00ebtyre ngjarjeve, fokusi ka qen\u00eb n\u00eb shkencat sociale, edukim, barazin\u00eb gjinore, t\u00eb drejtat e njeriut dhe t\u00eb f\u00ebmij\u00ebve, politikat publike, arsimi, kultura dhe sporti, popullsia dhe migracioni, zhvillimi i q\u00ebndruesh\u00ebm dhe tema t\u00eb tjera t\u00eb p\u00ebraf\u00ebrta.<\/p><p>Konferenca organizohet n\u00eb bashk\u00ebpunim me institucione partner\u00eb si motra, duke p\u00ebrfshir\u00eb pjes\u00ebmarrje nga m\u00eb shum\u00eb se 200 vende t\u00eb ndryshme t\u00eb bot\u00ebs. K\u00ebto ngjarje sjellin kontribute t\u00eb reja dhe risi n\u00ebp\u00ebrmjet prezantimeve t\u00eb hulumtimit nga specialist\u00eb t\u00eb fushave t\u00eb ndryshme. Organizohet \u00e7do n\u00ebntor dhe shoq\u00ebrohet nga publikimi i librave t\u00eb abstrakteve, procedimeve dhe numrave t\u00eb radh\u00ebs t\u00eb revist\u00ebs shkencore, AIS\/ALBSA.<\/p><p>Konferenca zhvillohet n\u00eb vende t\u00eb ndryshme t\u00eb rajonit, duke p\u00ebrfshir\u00eb edhe Kosov\u00ebn. Ky model i veprimtaris\u00eb shkencore t\u00eb Institutit ISDI dhe institucioneve partnere synon t\u00eb nd\u00ebrtoj\u00eb nj\u00eb platform\u00eb t\u00eb q\u00ebndrueshme dhe t\u00eb p\u00ebrbashk\u00ebt p\u00ebr shk\u00ebmbim t\u00eb ideve dhe p\u00ebrparim n\u00eb fushat e shkencave sociale dhe zhvillimit t\u00eb q\u00ebndruesh\u00ebm n\u00eb p\u00ebrgjith\u00ebsi.<\/p>\t\t\t\t\t\t\t\t<\/div>\n\t\t\t\t<\/div>\n\t\t\t\t<\/div>\n\t\t\t\t\t<\/div>\n\t\t\t\t<\/div>\n\t\t\t\t<\/div>\n\t\t","protected":false},"excerpt":{"rendered":"<p>Instituti i Sociologjis\u00eb, K\u00ebrkimeve Demografike dhe Inovacionit Konferenca dhe publikime konferenca shkencore Instituti ISDI ka nd\u00ebrtuar nj\u00eb partneritet t\u00eb q\u00ebndruesh\u00ebm me institucione lokale, rajonale dhe nd\u00ebrkomb\u00ebtare t\u00eb fush\u00ebs s\u00eb nj\u00ebjt\u00eb [&hellip;]<\/p>\n","protected":false},"author":1,"featured_media":0,"parent":0,"menu_order":0,"comment_status":"closed","ping_status":"closed","template":"","meta":{"footnotes":""},"class_list":["post-1155","page","type-page","status-publish","hentry"],"yoast_head":"<!-- This site is optimized with the Yoast SEO plugin v24.3 - https:\/\/yoast.com\/wordpress\/plugins\/seo\/ -->\n<title>Konferenca dhe publikime - Isdi<\/title>\n<meta name=\"robots\" content=\"index, follow, max-snippet:-1, max-image-preview:large, max-video-preview:-1\" \/>\n<link rel=\"canonical\" href=\"https:\/\/isdi-ks.com\/index.php\/sq\/konferenca-dhe-publikime\/\" \/>\n<meta property=\"og:locale\" content=\"en_US\" \/>\n<meta property=\"og:type\" content=\"article\" \/>\n<meta property=\"og:title\" content=\"Konferenca dhe publikime - Isdi\" \/>\n<meta property=\"og:description\" content=\"Instituti i Sociologjis\u00eb, K\u00ebrkimeve Demografike dhe Inovacionit Konferenca dhe publikime konferenca shkencore Instituti ISDI ka nd\u00ebrtuar nj\u00eb partneritet t\u00eb q\u00ebndruesh\u00ebm me institucione lokale, rajonale dhe nd\u00ebrkomb\u00ebtare t\u00eb fush\u00ebs s\u00eb nj\u00ebjt\u00eb [&hellip;]\" \/>\n<meta property=\"og:url\" content=\"https:\/\/isdi-ks.com\/index.php\/sq\/konferenca-dhe-publikime\/\" \/>\n<meta property=\"og:site_name\" content=\"Isdi\" \/>\n<meta property=\"article:modified_time\" content=\"2024-01-09T09:20:05+00:00\" \/>\n<meta property=\"og:image\" content=\"https:\/\/isdi-ks.com\/wp-content\/uploads\/2024\/01\/business-executives-participating-business-meeting-scaled.jpg\" \/>\n<meta name=\"twitter:card\" content=\"summary_large_image\" \/>\n<meta name=\"twitter:label1\" content=\"Est. reading time\" \/>\n\t<meta name=\"twitter:data1\" content=\"2 minutes\" \/>\n<script type=\"application\/ld+json\" class=\"yoast-schema-graph\">{\"@context\":\"https:\/\/schema.org\",\"@graph\":[{\"@type\":\"WebPage\",\"@id\":\"https:\/\/isdi-ks.com\/index.php\/sq\/konferenca-dhe-publikime\/\",\"url\":\"https:\/\/isdi-ks.com\/index.php\/sq\/konferenca-dhe-publikime\/\",\"name\":\"Konferenca dhe publikime - Isdi\",\"isPartOf\":{\"@id\":\"https:\/\/isdi-ks.com\/#website\"},\"primaryImageOfPage\":{\"@id\":\"https:\/\/isdi-ks.com\/index.php\/sq\/konferenca-dhe-publikime\/#primaryimage\"},\"image\":{\"@id\":\"https:\/\/isdi-ks.com\/index.php\/sq\/konferenca-dhe-publikime\/#primaryimage\"},\"thumbnailUrl\":\"https:\/\/isdi-ks.com\/wp-content\/uploads\/2024\/01\/business-executives-participating-business-meeting-scaled.jpg\",\"datePublished\":\"2024-01-04T11:30:30+00:00\",\"dateModified\":\"2024-01-09T09:20:05+00:00\",\"breadcrumb\":{\"@id\":\"https:\/\/isdi-ks.com\/index.php\/sq\/konferenca-dhe-publikime\/#breadcrumb\"},\"inLanguage\":\"en-US\",\"potentialAction\":[{\"@type\":\"ReadAction\",\"target\":[\"https:\/\/isdi-ks.com\/index.php\/sq\/konferenca-dhe-publikime\/\"]}]},{\"@type\":\"ImageObject\",\"inLanguage\":\"en-US\",\"@id\":\"https:\/\/isdi-ks.com\/index.php\/sq\/konferenca-dhe-publikime\/#primaryimage\",\"url\":\"https:\/\/isdi-ks.com\/wp-content\/uploads\/2024\/01\/business-executives-participating-business-meeting-scaled.jpg\",\"contentUrl\":\"https:\/\/isdi-ks.com\/wp-content\/uploads\/2024\/01\/business-executives-participating-business-meeting-scaled.jpg\",\"width\":2560,\"height\":1707,\"caption\":\"Business executives participating in a business meeting at conference center\"},{\"@type\":\"BreadcrumbList\",\"@id\":\"https:\/\/isdi-ks.com\/index.php\/sq\/konferenca-dhe-publikime\/#breadcrumb\",\"itemListElement\":[{\"@type\":\"ListItem\",\"position\":1,\"name\":\"Home\",\"item\":\"https:\/\/isdi-ks.com\/index.php\/sq\/home-4\/\"},{\"@type\":\"ListItem\",\"position\":2,\"name\":\"Konferenca dhe publikime\"}]},{\"@type\":\"WebSite\",\"@id\":\"https:\/\/isdi-ks.com\/#website\",\"url\":\"https:\/\/isdi-ks.com\/\",\"name\":\"Instituti ISDI\",\"description\":\"Instituti ISDI\",\"publisher\":{\"@id\":\"https:\/\/isdi-ks.com\/#organization\"},\"potentialAction\":[{\"@type\":\"SearchAction\",\"target\":{\"@type\":\"EntryPoint\",\"urlTemplate\":\"https:\/\/isdi-ks.com\/?s={search_term_string}\"},\"query-input\":{\"@type\":\"PropertyValueSpecification\",\"valueRequired\":true,\"valueName\":\"search_term_string\"}}],\"inLanguage\":\"en-US\"},{\"@type\":\"Organization\",\"@id\":\"https:\/\/isdi-ks.com\/#organization\",\"name\":\"Instituti ISDI\",\"url\":\"https:\/\/isdi-ks.com\/\",\"logo\":{\"@type\":\"ImageObject\",\"inLanguage\":\"en-US\",\"@id\":\"https:\/\/isdi-ks.com\/#\/schema\/logo\/image\/\",\"url\":\"https:\/\/isdi-ks.com\/wp-content\/uploads\/2024\/01\/image_6487327-2.png\",\"contentUrl\":\"https:\/\/isdi-ks.com\/wp-content\/uploads\/2024\/01\/image_6487327-2.png\",\"width\":733,\"height\":470,\"caption\":\"Instituti ISDI\"},\"image\":{\"@id\":\"https:\/\/isdi-ks.com\/#\/schema\/logo\/image\/\"}}]}<\/script>\n<!-- \/ Yoast SEO plugin. -->","yoast_head_json":{"title":"Konferenca dhe publikime - Isdi","robots":{"index":"index","follow":"follow","max-snippet":"max-snippet:-1","max-image-preview":"max-image-preview:large","max-video-preview":"max-video-preview:-1"},"canonical":"https:\/\/isdi-ks.com\/index.php\/sq\/konferenca-dhe-publikime\/","og_locale":"en_US","og_type":"article","og_title":"Konferenca dhe publikime - Isdi","og_description":"Instituti i Sociologjis\u00eb, K\u00ebrkimeve Demografike dhe Inovacionit Konferenca dhe publikime konferenca shkencore Instituti ISDI ka nd\u00ebrtuar nj\u00eb partneritet t\u00eb q\u00ebndruesh\u00ebm me institucione lokale, rajonale dhe nd\u00ebrkomb\u00ebtare t\u00eb fush\u00ebs s\u00eb nj\u00ebjt\u00eb [&hellip;]","og_url":"https:\/\/isdi-ks.com\/index.php\/sq\/konferenca-dhe-publikime\/","og_site_name":"Isdi","article_modified_time":"2024-01-09T09:20:05+00:00","og_image":[{"url":"https:\/\/isdi-ks.com\/wp-content\/uploads\/2024\/01\/business-executives-participating-business-meeting-scaled.jpg","type":"","width":"","height":""}],"twitter_card":"summary_large_image","twitter_misc":{"Est. reading time":"2 minutes"},"schema":{"@context":"https:\/\/schema.org","@graph":[{"@type":"WebPage","@id":"https:\/\/isdi-ks.com\/index.php\/sq\/konferenca-dhe-publikime\/","url":"https:\/\/isdi-ks.com\/index.php\/sq\/konferenca-dhe-publikime\/","name":"Konferenca dhe publikime - Isdi","isPartOf":{"@id":"https:\/\/isdi-ks.com\/#website"},"primaryImageOfPage":{"@id":"https:\/\/isdi-ks.com\/index.php\/sq\/konferenca-dhe-publikime\/#primaryimage"},"image":{"@id":"https:\/\/isdi-ks.com\/index.php\/sq\/konferenca-dhe-publikime\/#primaryimage"},"thumbnailUrl":"https:\/\/isdi-ks.com\/wp-content\/uploads\/2024\/01\/business-executives-participating-business-meeting-scaled.jpg","datePublished":"2024-01-04T11:30:30+00:00","dateModified":"2024-01-09T09:20:05+00:00","breadcrumb":{"@id":"https:\/\/isdi-ks.com\/index.php\/sq\/konferenca-dhe-publikime\/#breadcrumb"},"inLanguage":"en-US","potentialAction":[{"@type":"ReadAction","target":["https:\/\/isdi-ks.com\/index.php\/sq\/konferenca-dhe-publikime\/"]}]},{"@type":"ImageObject","inLanguage":"en-US","@id":"https:\/\/isdi-ks.com\/index.php\/sq\/konferenca-dhe-publikime\/#primaryimage","url":"https:\/\/isdi-ks.com\/wp-content\/uploads\/2024\/01\/business-executives-participating-business-meeting-scaled.jpg","contentUrl":"https:\/\/isdi-ks.com\/wp-content\/uploads\/2024\/01\/business-executives-participating-business-meeting-scaled.jpg","width":2560,"height":1707,"caption":"Business executives participating in a business meeting at conference center"},{"@type":"BreadcrumbList","@id":"https:\/\/isdi-ks.com\/index.php\/sq\/konferenca-dhe-publikime\/#breadcrumb","itemListElement":[{"@type":"ListItem","position":1,"name":"Home","item":"https:\/\/isdi-ks.com\/index.php\/sq\/home-4\/"},{"@type":"ListItem","position":2,"name":"Konferenca dhe publikime"}]},{"@type":"WebSite","@id":"https:\/\/isdi-ks.com\/#website","url":"https:\/\/isdi-ks.com\/","name":"Instituti ISDI","description":"Instituti ISDI","publisher":{"@id":"https:\/\/isdi-ks.com\/#organization"},"potentialAction":[{"@type":"SearchAction","target":{"@type":"EntryPoint","urlTemplate":"https:\/\/isdi-ks.com\/?s={search_term_string}"},"query-input":{"@type":"PropertyValueSpecification","valueRequired":true,"valueName":"search_term_string"}}],"inLanguage":"en-US"},{"@type":"Organization","@id":"https:\/\/isdi-ks.com\/#organization","name":"Instituti ISDI","url":"https:\/\/isdi-ks.com\/","logo":{"@type":"ImageObject","inLanguage":"en-US","@id":"https:\/\/isdi-ks.com\/#\/schema\/logo\/image\/","url":"https:\/\/isdi-ks.com\/wp-content\/uploads\/2024\/01\/image_6487327-2.png","contentUrl":"https:\/\/isdi-ks.com\/wp-content\/uploads\/2024\/01\/image_6487327-2.png","width":733,"height":470,"caption":"Instituti ISDI"},"image":{"@id":"https:\/\/isdi-ks.com\/#\/schema\/logo\/image\/"}}]}},"_links":{"self":[{"href":"https:\/\/isdi-ks.com\/index.php\/wp-json\/wp\/v2\/pages\/1155","targetHints":{"allow":["GET"]}}],"collection":[{"href":"https:\/\/isdi-ks.com\/index.php\/wp-json\/wp\/v2\/pages"}],"about":[{"href":"https:\/\/isdi-ks.com\/index.php\/wp-json\/wp\/v2\/types\/page"}],"author":[{"embeddable":true,"href":"https:\/\/isdi-ks.com\/index.php\/wp-json\/wp\/v2\/users\/1"}],"replies":[{"embeddable":true,"href":"https:\/\/isdi-ks.com\/index.php\/wp-json\/wp\/v2\/comments?post=1155"}],"version-history":[{"count":6,"href":"https:\/\/isdi-ks.com\/index.php\/wp-json\/wp\/v2\/pages\/1155\/revisions"}],"predecessor-version":[{"id":1834,"href":"https:\/\/isdi-ks.com\/index.php\/wp-json\/wp\/v2\/pages\/1155\/revisions\/1834"}],"wp:attachment":[{"href":"https:\/\/isdi-ks.com\/index.php\/wp-json\/wp\/v2\/media?parent=1155"}],"curies":[{"name":"wp","href":"https:\/\/api.w.org\/{rel}","templated":true}]}}