{"id":1077,"date":"2024-01-04T11:11:48","date_gmt":"2024-01-04T11:11:48","guid":{"rendered":"https:\/\/isdi-ks.com\/?page_id=1077"},"modified":"2024-01-04T12:16:41","modified_gmt":"2024-01-04T12:16:41","slug":"trajnime-per-ngritje-te-kapaciteteve-humane","status":"publish","type":"page","link":"https:\/\/isdi-ks.com\/index.php\/sq\/trajnime-per-ngritje-te-kapaciteteve-humane\/","title":{"rendered":"Trajnime p\u00ebr ngritje t\u00eb kapaciteteve humane"},"content":{"rendered":"\t\t<div data-elementor-type=\"wp-page\" data-elementor-id=\"1077\" class=\"elementor elementor-1077\" data-elementor-post-type=\"page\">\n\t\t\t\t\t\t<section class=\"elementor-section elementor-top-section elementor-element elementor-element-519b0dd8 elementor-section-full_width elementor-section-height-default elementor-section-height-default\" data-id=\"519b0dd8\" data-element_type=\"section\" data-settings=\"{&quot;background_slideshow_transition_duration&quot;:1200,&quot;background_background&quot;:&quot;slideshow&quot;,&quot;background_slideshow_gallery&quot;:[{&quot;id&quot;:1065,&quot;url&quot;:&quot;https:\\\/\\\/isdi-ks.com\\\/wp-content\\\/uploads\\\/2024\\\/01\\\/casual-coworkers-long-hair-executives-explaining-scaled.jpg&quot;},{&quot;id&quot;:1080,&quot;url&quot;:&quot;https:\\\/\\\/isdi-ks.com\\\/wp-content\\\/uploads\\\/2024\\\/01\\\/top-view-coworkers-analyzing-diagrams-1-scaled.jpg&quot;}],&quot;background_slideshow_ken_burns&quot;:&quot;yes&quot;,&quot;background_slideshow_ken_burns_zoom_direction&quot;:&quot;out&quot;,&quot;background_slideshow_slide_duration&quot;:5000,&quot;background_slideshow_slide_transition&quot;:&quot;fade&quot;}\">\n\t\t\t\t\t\t\t<div class=\"elementor-background-overlay\"><\/div>\n\t\t\t\t\t\t\t<div class=\"elementor-container elementor-column-gap-default\">\n\t\t\t\t\t<div class=\"elementor-column elementor-col-100 elementor-top-column elementor-element elementor-element-333eebeb\" data-id=\"333eebeb\" data-element_type=\"column\">\n\t\t\t<div class=\"elementor-widget-wrap elementor-element-populated\">\n\t\t\t\t\t\t<div class=\"elementor-element elementor-element-4fb266e0 elementor-widget__width-initial elementor-widget elementor-widget-gva-heading-block\" data-id=\"4fb266e0\" data-element_type=\"widget\" data-widget_type=\"gva-heading-block.default\">\n\t\t\t\t<div class=\"elementor-widget-container\">\n\t\t\t\t\t<div class=\"gva-element-gva-heading-block gva-element\">   <div class=\"align-center style-1 widget gsc-heading box-align-left auto-responsive\">\r\n      <div class=\"content-inner\">\r\n         \r\n                  \r\n           \r\n         \r\n                     <h2 class=\"title\">\r\n               <span>Instituti i Sociologjis\u00eb, K\u00ebrkimeve  Demografike dhe Inovacionit <\/span>\r\n            <\/h2>\r\n                  \r\n         \r\n         \r\n      <\/div>\r\n   <\/div>\r\n<\/div>\t\t\t\t<\/div>\n\t\t\t\t<\/div>\n\t\t\t\t<div class=\"elementor-element elementor-element-5bbfbde6 elementor-widget elementor-widget-html\" data-id=\"5bbfbde6\" data-element_type=\"widget\" data-widget_type=\"html.default\">\n\t\t\t\t<div class=\"elementor-widget-container\">\n\t\t\t\t\t<div class=\"text-with-arrow\">\n    <span class=\"text\"> \tTrajnime p\u00ebr ngritje t\u00eb kapaciteteve humane\n    <\/span>\n<\/div>\t\t\t\t<\/div>\n\t\t\t\t<\/div>\n\t\t\t\t\t<\/div>\n\t\t<\/div>\n\t\t\t\t\t<\/div>\n\t\t<\/section>\n\t\t<div class=\"elementor-element elementor-element-0e0c489 e-flex e-con-boxed e-con e-parent\" data-id=\"0e0c489\" data-element_type=\"container\">\n\t\t\t\t\t<div class=\"e-con-inner\">\n\t\t<div class=\"elementor-element elementor-element-2e79e0d e-con-full e-flex e-con e-child\" data-id=\"2e79e0d\" data-element_type=\"container\">\n\t\t\t\t<div class=\"elementor-element elementor-element-609c584 elementor-widget elementor-widget-image\" data-id=\"609c584\" data-element_type=\"widget\" data-widget_type=\"image.default\">\n\t\t\t\t<div class=\"elementor-widget-container\">\n\t\t\t\t\t\t\t\t\t\t\t\t\t\t\t<img fetchpriority=\"high\" decoding=\"async\" width=\"602\" height=\"339\" src=\"https:\/\/isdi-ks.com\/wp-content\/uploads\/2024\/01\/main-qimg-87349873eb8def700fc7f4d592bd033d-lq-1.jpg\" class=\"attachment-large size-large wp-image-1084\" alt=\"\" srcset=\"https:\/\/isdi-ks.com\/wp-content\/uploads\/2024\/01\/main-qimg-87349873eb8def700fc7f4d592bd033d-lq-1.jpg 602w, https:\/\/isdi-ks.com\/wp-content\/uploads\/2024\/01\/main-qimg-87349873eb8def700fc7f4d592bd033d-lq-1-600x338.jpg 600w\" sizes=\"(max-width: 602px) 100vw, 602px\" \/>\t\t\t\t\t\t\t\t\t\t\t\t\t\t\t<\/div>\n\t\t\t\t<\/div>\n\t\t\t\t<\/div>\n\t\t<div class=\"elementor-element elementor-element-f1c26da e-con-full e-flex e-con e-child\" data-id=\"f1c26da\" data-element_type=\"container\">\n\t\t\t\t<div class=\"elementor-element elementor-element-04996d8 elementor-widget elementor-widget-heading\" data-id=\"04996d8\" data-element_type=\"widget\" data-widget_type=\"heading.default\">\n\t\t\t\t<div class=\"elementor-widget-container\">\n\t\t\t\t\t<h2 class=\"elementor-heading-title elementor-size-default\">Trajnime p\u00ebr ngritje t\u00eb kapaciteteve humane<\/h2>\t\t\t\t<\/div>\n\t\t\t\t<\/div>\n\t\t\t\t<div class=\"elementor-element elementor-element-31de9f0 elementor-widget elementor-widget-text-editor\" data-id=\"31de9f0\" data-element_type=\"widget\" data-widget_type=\"text-editor.default\">\n\t\t\t\t<div class=\"elementor-widget-container\">\n\t\t\t\t\t\t\t\t\t<p>Ofron trajnime t\u00eb specializuara p\u00ebr avancimin e kapaciteteve humane n\u00eb sektor\u00ebt e zhvillimit social, arsimit, teknologjis\u00eb (p\u00ebrdorimi i software-ve si SPSS, STATA, etj), planifikimit, mjedisit, zhvillimit t\u00eb q\u00ebndruesh\u00ebm, metodave hulumtuese, ofrimit t\u00eb sh\u00ebrbimeve sociale, si dhe n\u00eb fusha t\u00eb p\u00ebraf\u00ebrta. K\u00ebto trajnime p\u00ebrmir\u00ebsojn\u00eb njohurit\u00eb dhe aft\u00ebsit\u00eb e pjes\u00ebmarr\u00ebsve, duke p\u00ebrgatitur ata p\u00ebr t\u00eb kontribuar n\u00eb m\u00ebnyr\u00eb m\u00eb efektive n\u00eb k\u00ebto fusha t\u00eb r\u00ebnd\u00ebsishme t\u00eb zhvillimit dhe duke ndihmuar n\u00eb avancimin individual, shoq\u00ebrin\u00eb dhe komunitetit n\u00eb t\u00ebr\u00ebsi.<\/p>\t\t\t\t\t\t\t\t<\/div>\n\t\t\t\t<\/div>\n\t\t\t\t<\/div>\n\t\t\t\t\t<\/div>\n\t\t\t\t<\/div>\n\t\t\t\t<\/div>\n\t\t","protected":false},"excerpt":{"rendered":"<p>Instituti i Sociologjis\u00eb, K\u00ebrkimeve Demografike dhe Inovacionit Trajnime p\u00ebr ngritje t\u00eb kapaciteteve humane Trajnime p\u00ebr ngritje t\u00eb kapaciteteve humane Ofron trajnime t\u00eb specializuara p\u00ebr avancimin e kapaciteteve humane n\u00eb sektor\u00ebt [&hellip;]<\/p>\n","protected":false},"author":1,"featured_media":0,"parent":0,"menu_order":0,"comment_status":"closed","ping_status":"closed","template":"","meta":{"footnotes":""},"class_list":["post-1077","page","type-page","status-publish","hentry"],"yoast_head":"<!-- This site is optimized with the Yoast SEO plugin v24.3 - https:\/\/yoast.com\/wordpress\/plugins\/seo\/ -->\n<title>Trajnime p\u00ebr ngritje t\u00eb kapaciteteve humane - Isdi<\/title>\n<meta name=\"robots\" content=\"index, follow, max-snippet:-1, max-image-preview:large, max-video-preview:-1\" \/>\n<link rel=\"canonical\" href=\"https:\/\/isdi-ks.com\/index.php\/sq\/trajnime-per-ngritje-te-kapaciteteve-humane\/\" \/>\n<meta property=\"og:locale\" content=\"en_US\" \/>\n<meta property=\"og:type\" content=\"article\" \/>\n<meta property=\"og:title\" content=\"Trajnime p\u00ebr ngritje t\u00eb kapaciteteve humane - Isdi\" \/>\n<meta property=\"og:description\" content=\"Instituti i Sociologjis\u00eb, K\u00ebrkimeve Demografike dhe Inovacionit Trajnime p\u00ebr ngritje t\u00eb kapaciteteve humane Trajnime p\u00ebr ngritje t\u00eb kapaciteteve humane Ofron trajnime t\u00eb specializuara p\u00ebr avancimin e kapaciteteve humane n\u00eb sektor\u00ebt [&hellip;]\" \/>\n<meta property=\"og:url\" content=\"https:\/\/isdi-ks.com\/index.php\/sq\/trajnime-per-ngritje-te-kapaciteteve-humane\/\" \/>\n<meta property=\"og:site_name\" content=\"Isdi\" \/>\n<meta property=\"article:modified_time\" content=\"2024-01-04T12:16:41+00:00\" \/>\n<meta property=\"og:image\" content=\"https:\/\/isdi-ks.com\/wp-content\/uploads\/2024\/01\/main-qimg-87349873eb8def700fc7f4d592bd033d-lq-1.jpg\" \/>\n<meta name=\"twitter:card\" content=\"summary_large_image\" \/>\n<meta name=\"twitter:label1\" content=\"Est. reading time\" \/>\n\t<meta name=\"twitter:data1\" content=\"1 minute\" \/>\n<script type=\"application\/ld+json\" class=\"yoast-schema-graph\">{\"@context\":\"https:\/\/schema.org\",\"@graph\":[{\"@type\":\"WebPage\",\"@id\":\"https:\/\/isdi-ks.com\/index.php\/sq\/trajnime-per-ngritje-te-kapaciteteve-humane\/\",\"url\":\"https:\/\/isdi-ks.com\/index.php\/sq\/trajnime-per-ngritje-te-kapaciteteve-humane\/\",\"name\":\"Trajnime p\u00ebr ngritje t\u00eb kapaciteteve humane - Isdi\",\"isPartOf\":{\"@id\":\"https:\/\/isdi-ks.com\/#website\"},\"primaryImageOfPage\":{\"@id\":\"https:\/\/isdi-ks.com\/index.php\/sq\/trajnime-per-ngritje-te-kapaciteteve-humane\/#primaryimage\"},\"image\":{\"@id\":\"https:\/\/isdi-ks.com\/index.php\/sq\/trajnime-per-ngritje-te-kapaciteteve-humane\/#primaryimage\"},\"thumbnailUrl\":\"https:\/\/isdi-ks.com\/wp-content\/uploads\/2024\/01\/main-qimg-87349873eb8def700fc7f4d592bd033d-lq-1.jpg\",\"datePublished\":\"2024-01-04T11:11:48+00:00\",\"dateModified\":\"2024-01-04T12:16:41+00:00\",\"breadcrumb\":{\"@id\":\"https:\/\/isdi-ks.com\/index.php\/sq\/trajnime-per-ngritje-te-kapaciteteve-humane\/#breadcrumb\"},\"inLanguage\":\"en-US\",\"potentialAction\":[{\"@type\":\"ReadAction\",\"target\":[\"https:\/\/isdi-ks.com\/index.php\/sq\/trajnime-per-ngritje-te-kapaciteteve-humane\/\"]}]},{\"@type\":\"ImageObject\",\"inLanguage\":\"en-US\",\"@id\":\"https:\/\/isdi-ks.com\/index.php\/sq\/trajnime-per-ngritje-te-kapaciteteve-humane\/#primaryimage\",\"url\":\"https:\/\/isdi-ks.com\/wp-content\/uploads\/2024\/01\/main-qimg-87349873eb8def700fc7f4d592bd033d-lq-1.jpg\",\"contentUrl\":\"https:\/\/isdi-ks.com\/wp-content\/uploads\/2024\/01\/main-qimg-87349873eb8def700fc7f4d592bd033d-lq-1.jpg\",\"width\":602,\"height\":339},{\"@type\":\"BreadcrumbList\",\"@id\":\"https:\/\/isdi-ks.com\/index.php\/sq\/trajnime-per-ngritje-te-kapaciteteve-humane\/#breadcrumb\",\"itemListElement\":[{\"@type\":\"ListItem\",\"position\":1,\"name\":\"Home\",\"item\":\"https:\/\/isdi-ks.com\/index.php\/sq\/home-4\/\"},{\"@type\":\"ListItem\",\"position\":2,\"name\":\"Trajnime p\u00ebr ngritje t\u00eb kapaciteteve humane\"}]},{\"@type\":\"WebSite\",\"@id\":\"https:\/\/isdi-ks.com\/#website\",\"url\":\"https:\/\/isdi-ks.com\/\",\"name\":\"Instituti ISDI\",\"description\":\"Instituti ISDI\",\"publisher\":{\"@id\":\"https:\/\/isdi-ks.com\/#organization\"},\"potentialAction\":[{\"@type\":\"SearchAction\",\"target\":{\"@type\":\"EntryPoint\",\"urlTemplate\":\"https:\/\/isdi-ks.com\/?s={search_term_string}\"},\"query-input\":{\"@type\":\"PropertyValueSpecification\",\"valueRequired\":true,\"valueName\":\"search_term_string\"}}],\"inLanguage\":\"en-US\"},{\"@type\":\"Organization\",\"@id\":\"https:\/\/isdi-ks.com\/#organization\",\"name\":\"Instituti ISDI\",\"url\":\"https:\/\/isdi-ks.com\/\",\"logo\":{\"@type\":\"ImageObject\",\"inLanguage\":\"en-US\",\"@id\":\"https:\/\/isdi-ks.com\/#\/schema\/logo\/image\/\",\"url\":\"https:\/\/isdi-ks.com\/wp-content\/uploads\/2024\/01\/image_6487327-2.png\",\"contentUrl\":\"https:\/\/isdi-ks.com\/wp-content\/uploads\/2024\/01\/image_6487327-2.png\",\"width\":733,\"height\":470,\"caption\":\"Instituti ISDI\"},\"image\":{\"@id\":\"https:\/\/isdi-ks.com\/#\/schema\/logo\/image\/\"}}]}<\/script>\n<!-- \/ Yoast SEO plugin. -->","yoast_head_json":{"title":"Trajnime p\u00ebr ngritje t\u00eb kapaciteteve humane - Isdi","robots":{"index":"index","follow":"follow","max-snippet":"max-snippet:-1","max-image-preview":"max-image-preview:large","max-video-preview":"max-video-preview:-1"},"canonical":"https:\/\/isdi-ks.com\/index.php\/sq\/trajnime-per-ngritje-te-kapaciteteve-humane\/","og_locale":"en_US","og_type":"article","og_title":"Trajnime p\u00ebr ngritje t\u00eb kapaciteteve humane - Isdi","og_description":"Instituti i Sociologjis\u00eb, K\u00ebrkimeve Demografike dhe Inovacionit Trajnime p\u00ebr ngritje t\u00eb kapaciteteve humane Trajnime p\u00ebr ngritje t\u00eb kapaciteteve humane Ofron trajnime t\u00eb specializuara p\u00ebr avancimin e kapaciteteve humane n\u00eb sektor\u00ebt [&hellip;]","og_url":"https:\/\/isdi-ks.com\/index.php\/sq\/trajnime-per-ngritje-te-kapaciteteve-humane\/","og_site_name":"Isdi","article_modified_time":"2024-01-04T12:16:41+00:00","og_image":[{"url":"https:\/\/isdi-ks.com\/wp-content\/uploads\/2024\/01\/main-qimg-87349873eb8def700fc7f4d592bd033d-lq-1.jpg","type":"","width":"","height":""}],"twitter_card":"summary_large_image","twitter_misc":{"Est. reading time":"1 minute"},"schema":{"@context":"https:\/\/schema.org","@graph":[{"@type":"WebPage","@id":"https:\/\/isdi-ks.com\/index.php\/sq\/trajnime-per-ngritje-te-kapaciteteve-humane\/","url":"https:\/\/isdi-ks.com\/index.php\/sq\/trajnime-per-ngritje-te-kapaciteteve-humane\/","name":"Trajnime p\u00ebr ngritje t\u00eb kapaciteteve humane - Isdi","isPartOf":{"@id":"https:\/\/isdi-ks.com\/#website"},"primaryImageOfPage":{"@id":"https:\/\/isdi-ks.com\/index.php\/sq\/trajnime-per-ngritje-te-kapaciteteve-humane\/#primaryimage"},"image":{"@id":"https:\/\/isdi-ks.com\/index.php\/sq\/trajnime-per-ngritje-te-kapaciteteve-humane\/#primaryimage"},"thumbnailUrl":"https:\/\/isdi-ks.com\/wp-content\/uploads\/2024\/01\/main-qimg-87349873eb8def700fc7f4d592bd033d-lq-1.jpg","datePublished":"2024-01-04T11:11:48+00:00","dateModified":"2024-01-04T12:16:41+00:00","breadcrumb":{"@id":"https:\/\/isdi-ks.com\/index.php\/sq\/trajnime-per-ngritje-te-kapaciteteve-humane\/#breadcrumb"},"inLanguage":"en-US","potentialAction":[{"@type":"ReadAction","target":["https:\/\/isdi-ks.com\/index.php\/sq\/trajnime-per-ngritje-te-kapaciteteve-humane\/"]}]},{"@type":"ImageObject","inLanguage":"en-US","@id":"https:\/\/isdi-ks.com\/index.php\/sq\/trajnime-per-ngritje-te-kapaciteteve-humane\/#primaryimage","url":"https:\/\/isdi-ks.com\/wp-content\/uploads\/2024\/01\/main-qimg-87349873eb8def700fc7f4d592bd033d-lq-1.jpg","contentUrl":"https:\/\/isdi-ks.com\/wp-content\/uploads\/2024\/01\/main-qimg-87349873eb8def700fc7f4d592bd033d-lq-1.jpg","width":602,"height":339},{"@type":"BreadcrumbList","@id":"https:\/\/isdi-ks.com\/index.php\/sq\/trajnime-per-ngritje-te-kapaciteteve-humane\/#breadcrumb","itemListElement":[{"@type":"ListItem","position":1,"name":"Home","item":"https:\/\/isdi-ks.com\/index.php\/sq\/home-4\/"},{"@type":"ListItem","position":2,"name":"Trajnime p\u00ebr ngritje t\u00eb kapaciteteve humane"}]},{"@type":"WebSite","@id":"https:\/\/isdi-ks.com\/#website","url":"https:\/\/isdi-ks.com\/","name":"Instituti ISDI","description":"Instituti ISDI","publisher":{"@id":"https:\/\/isdi-ks.com\/#organization"},"potentialAction":[{"@type":"SearchAction","target":{"@type":"EntryPoint","urlTemplate":"https:\/\/isdi-ks.com\/?s={search_term_string}"},"query-input":{"@type":"PropertyValueSpecification","valueRequired":true,"valueName":"search_term_string"}}],"inLanguage":"en-US"},{"@type":"Organization","@id":"https:\/\/isdi-ks.com\/#organization","name":"Instituti ISDI","url":"https:\/\/isdi-ks.com\/","logo":{"@type":"ImageObject","inLanguage":"en-US","@id":"https:\/\/isdi-ks.com\/#\/schema\/logo\/image\/","url":"https:\/\/isdi-ks.com\/wp-content\/uploads\/2024\/01\/image_6487327-2.png","contentUrl":"https:\/\/isdi-ks.com\/wp-content\/uploads\/2024\/01\/image_6487327-2.png","width":733,"height":470,"caption":"Instituti ISDI"},"image":{"@id":"https:\/\/isdi-ks.com\/#\/schema\/logo\/image\/"}}]}},"_links":{"self":[{"href":"https:\/\/isdi-ks.com\/index.php\/wp-json\/wp\/v2\/pages\/1077","targetHints":{"allow":["GET"]}}],"collection":[{"href":"https:\/\/isdi-ks.com\/index.php\/wp-json\/wp\/v2\/pages"}],"about":[{"href":"https:\/\/isdi-ks.com\/index.php\/wp-json\/wp\/v2\/types\/page"}],"author":[{"embeddable":true,"href":"https:\/\/isdi-ks.com\/index.php\/wp-json\/wp\/v2\/users\/1"}],"replies":[{"embeddable":true,"href":"https:\/\/isdi-ks.com\/index.php\/wp-json\/wp\/v2\/comments?post=1077"}],"version-history":[{"count":0,"href":"https:\/\/isdi-ks.com\/index.php\/wp-json\/wp\/v2\/pages\/1077\/revisions"}],"wp:attachment":[{"href":"https:\/\/isdi-ks.com\/index.php\/wp-json\/wp\/v2\/media?parent=1077"}],"curies":[{"name":"wp","href":"https:\/\/api.w.org\/{rel}","templated":true}]}}